
36330
Convert 5524214 (base 6) to base 14.
7268a
Convert 2ac8c06 (base 13) to base 14.
1b75350
2126898 (base 14) to base 9
32466207
Convert 6f20c8 (base 16) to base 15.
98cd5d
What is -2b0f5 (base 16) in base 14?
-483c1
What is 1030a6a (base 11) in base 2?
110111011100011000010
What is 12303212 (base 5) in base 6?
2315434
Convert 694d (base 15) to base 8.
53514
Convert 2735120 (base 8) to base 13.
20bab6
Convert 6aa47b (base 12) to base 15.
23e1d8
Convert 3939b2 (base 15) to base 10.
2746067
Convert 1a4a640 (base 12) to base 16.
551310
-11000220 (base 3) to base 16
-b7c
-12012000201111 (base 3) to base 9
-5160644
Convert 58473 (base 13) to base 16.
2757f
1a0111 (base 12) to base 9
764884
-517b1 (base 12) to base 2
-11010000000110101
What is 100001001110011000001000 (base 2) in base 7?
134013352
-a05bb (base 12) to base 6
-4243555
What is 14141322 (base 5) in base 7?
1150001
What is -1242116 (base 8) in base 16?
-5444e
320254 (base 8) to base 7
622662
-43424014 (base 5) to base 2
-1011011001110000010
-11220111212000 (base 3) to base 12
-a594a6
What is -22101112221010 (base 3) in base 5?
-2120143432
What is 56651 (base 12) in base 6?
2244141
Convert -10011021021020 (base 3) to base 7.
-20160105
6435971 (base 10) to base 14
bd7683
Convert 10001011001001011000 (base 2) to base 4.
2023021120
Convert -112022303 (base 4) to base 6.
-1540215
462334 (base 9) to base 12
11457a
-33313011 (base 5) to base 9
-484034
-1111111010010111 (base 2) to base 16
-fe97
What is -31243224 (base 6) in base 7?
-10501021
What is -3b86241 (base 13) in base 3?
-1022101110221212
What is -12415646 (base 7) in base 3?
-2010102202212
What is -309ef (base 16) in base 11?
-126697
What is -1021010001020 (base 3) in base 16?
-a3ed2
What is 142397 (base 13) in base 10?
490562
-180850 (base 9) to base 15
-233c0
What is -2233646 (base 7) in base 4?
-1003233200
What is 14433666 (base 7) in base 11?
856291
Convert 2020001210010 (base 3) to base 9.
2201703
Convert 2400141024 (base 5) to base 13.
1198a76
501544125 (base 6) to base 15
b2a712
-1536321 (base 9) to base 5
-204213010
What is -12013040 (base 6) in base 5?
-44001331
Convert 22717 (base 12) to base 15.
d93a
Convert 2100000123 (base 4) to base 13.
178632
Convert 202330123110 (base 4) to base 12.
30991b0
62111235 (base 7) to base 5
2312234411
What is 1011001010001011111 (base 2) in base 15?
73528
Convert -606783 (base 11) to base 4.
-3232011332
Convert -12222202212222 (base 3) to base 13.
-876449
-65233 (base 7) to base 8
-37563
What is 53dd7 (base 16) in base 12?
14695b
What is 56850 (base 13) in base 3?
21222220210
3a188 (base 11) to base 16
e06a
What is 110010101011110000110 (base 2) in base 3?
10010101012100
Convert -1605025 (base 9) to base 7.
-10363004
-20b2993 (base 12) to base 10
-6204927
Convert 9955a6 (base 11) to base 15.
215a6e
Convert -31102424 (base 5) to base 3.
-110212201111
-1100001001110101100101 (base 2) to base 10
-3186021
Convert -18833 (base 10) to base 14.
-6c13
81638 (base 10) to base 14
21a74
Convert -1101200110212 (base 3) to base 10.
-741740
Convert -20053 (base 7) to base 12.
-2974
Convert -120522042 (base 6) to base 13.
-61b569
Convert -1213727 (base 10) to base 9.
-2248825
502123052 (base 6) to base 12
2a20488
What is -2212230201 (base 4) in base 9?
-1250540
Convert -100100001202020 (base 3) to base 13.
-1049346
1744004 (base 8) to base 11
319157
What is -100001101110 (base 2) in base 5?
-32113
What is -531214 (base 7) in base 8?
-263052
-1020000104 (base 5) to base 14
-3cca3a
What is -12032011 (base 5) in base 13?
-3b9a5
Convert 100011010100000010 (base 2) to base 9.
240363
What is -4400a33 (base 11) in base 6?
-433414514
-12a2c3 (base 13) to base 6
-13355230
-a0374d (base 14) to base 16
-523689
What is 149691 (base 13) in base 4?
1323221022
What is -153164361 (base 7) in base 13?
-21869a6
Convert -1888405 (base 11) to base 7.
-36046100
Convert a3078 (base 15) to base 16.
7e188
8a537 (base 11) to base 16
2000b
What is 544bba (base 14) in base 12?
b589a8
417212 (base 8) to base 2
100001111010001010
Convert 5509c (base 13) to base 16.
2593f
-1404341 (base 6) to base 8
-231645
-3001030122 (base 5) to base 13
-12a9c82
-4715607 (base 8) to base 11
-7a8491
-4441105 (base 6) to base 13
-7a76b
Convert -15ab20 (base 13) to base 8.
-2032541
Convert 8a146 (base 14) to base 11.
20978a
Convert -493656 (base 10) to base 15.
-9b406
What is 120210002112 (base 3) in base 10?
310622
1123341 (base 5) to base 14
7663
11001010001000100 (base 2) to base 7
610504
133032322000 (base 4) to base 9
16358144
-736143 (base 8) to base 9
-412758
Convert 1d2810 (base 15) to base 10.
1426065
Convert -12210110200 (base 3) to base 15.
-23be6
-54121244 (base 6) to base 12
-650224
What is -78056 (base 13) in base 6?
-4355142
What is 262a5 (base 15) in base 12?
5a7b5
What is 56033212 (base 7) in base 15?
656a4d
What is -1456271 (base 8) in base 15?
-8381d
Convert -2022013000 (base 4) to base 14.
-10a22c
Convert 15263304 (base 7) to base 14.
2a0604
12145245 (base 6) to base 15
79bae
What is 160244 (base 11) in base 8?
746543
1010010000111001110 (base 2) to base 15
699c4
What is 3e41f5 (base 16) in base 10?
4080117
What is -110441 (base 5) in base 16?
-f1f
Convert -110022120221222 (base 3) to base 13.
-1482908
What is 27871 (base 13) in base 15?
16d9a
Convert 148818c (base 13) to base 12.
22433b6
Convert -d1269 (base 15) to base 2.
-10100001101000100001
What is d053 (base 16) in base 13?
1b375
Convert -114a9 (base 12) to base 4.
-11222001
Convert 10b7a (base 14) to base 15.
c0c0
What is 13800 (base 11) in base 6?
230430
What is 115574 (base 10) in base 3?
12212112112
Convert -214640 (base 10) to base 15.
-438e5
What is 101110100000010111111 (base 2) in base 8?
5640277
What is 2113002302 (base 4) in base 3?
1011102122212
Convert -1050760 (base 9) to base 4.
-2021322003
Convert -3a16987 (base 11) to base 3.
-111002001020112
What is -e2352 (base 15) in base 11?
-44a149
What is 3235 (base 7) in base 13?
6a9
Convert -23ca19 (base 13) to base 12.
-3536a1
What is -11223021 (base 5) in base 2?
-11000110100000100
-533626 (base 7) to base 9
-150887
What is -2081430 (base 10) in base 14?
-3c2778
Convert 283451 (base 10) to base 3.
112101211012
Convert 2b8752 (base 12) to base 4.
2310310232
Convert 203376 (base 10) to base 14.
5418c
Convert -30304413 (base 5) to base 3.
-110102012022
Convert 11097 (base 11) to base 7.
64606
30100303212 (base 4) to base 11
18a6173
What is -882451 (base 14) in base 10?
-4616263
What is -37878 (base 9) in base 3?
-1021222122
Convert 49877 (base 13) to base 8.
410453
-2364583 (base 11) to base 15
-565bb1
Convert 55740 (base 10) to base 14.
16456
Convert -3033211 (base 5) to base 7.
-263246
What is -376237 (base 9) in base 3?
-102120021021
5141321 (base 7) to base 11
3901a8
What is -5594a1 (base 11) in base 9?
-1607237
-d956 (base 14) to base 11
-26202
What is -9b8f5 (base 16) in base 8?
-2334365
-9252e6 (base 16) to base 6
-541311422
Convert 202010123 (base 4) to base 5.
13431142
What is 52310115 (base 6) in base 7?
15620450
What is 2154b7 (base 13) in base 15?
106ec3
78699 (base 11) to base 13
3cb4b
33e2ab (base 15) to base 12
9b5b45
Convert -e1736 (base 16) to base 14.
-1a0766
Convert -1546413 (base 7) to base 10.
-213552
Convert 1423042315 (base 6) to base 11.
9974349
122122103 (base 4) to base 6
2152455
Convert 10121110210 (base 3) to base 5.
4233213
Convert 95454 (base 15) to base 14.
c479d
What is -455626 (base 8) in base 4?
-211232112
Convert 33a188 (base 11) to base 10.
540603
3362614 (base 8) to base 9
1637254
Convert -6a802b (base 12) to base 13.
-480335
Convert -12110120112002 (base 3) to base 9.
-5416462
Convert -15cc464 (base 14) to base 8.
-50674550
-28982 (base 10) to base 14
-a7c2
3179913 (base 11) to base 16
555107
Convert 265216 (base 8) to base 13.
33327
What is -6662176 (base 8) in base 10?
-1795198
What is 10212011112202 (base 3) in base 2?
111110100100100101010
What is -1413142 (base 6) in base 4?
-103132112
What is f8d4d (base 16) in base 5?
230103323
Convert -1179bf (base 16) to base 4.
-10113212333
-c86c04 (base 14) to base 4
-121313102010
Convert -6267325 (base 8) to base 7.
-20111253
Convert 11000010100111 (base 2) to base 6.
133355
What is -1212321121 (base 5) in base 6?
-141103240
Conver